e number?
True
Is 27179909 a prime number?
False
Is 8038181 composite?
True
Is 331237271 a composite number?
True
Is 20486437 a prime number?
True
Is 4607777 a composite number?
False
Is 2229467 a prime number?
True
Is 5361581 a prime number?
False
Is 1062491 prime?
False
Is 920323 prime?
True
Is 3821807 a composite number?
True
Is 6903773 prime?
True
Is 125224583 a prime number?
False
Is 4999759 composite?
False
Is 724721 composite?
False
Is 3305527 prime?
True
Is 4585561 prime?
True
Is 48485009 a prime number?
True
Is 53488507 prime?
True
Is 679202507 composite?
False
Is 5357167 a prime number?
True
Is 35214365 prime?
False
Is 6478831 composite?
False
Is 1626431 prime?
True
Is 5420983 prime?
True
Is 3930503 composite?
True
Is 8900887 a composite number?
False
Is 1524799 a composite number?
False
Is 16867001 a composite number?
False
Is 368918089 composite?
False
Is 804799 a composite number?
True
Is 3111839 prime?
False
Is 2591977 a prime number?
False
Is 4523483 a prime number?
False
Is 105167597 a prime number?
False
Is 1041137 a composite number?
False
Is 67114295 composite?
True
Is 11603261 composite?
True
Is 1254107 a prime number?
False
Is 3848717 composite?
False
Is 6463073 composite?
False
Is 596423579 prime?
True
Is 62058149 composite?
False
Is 31324441 composite?
True
Is 19294667 a prime number?
False
Is 36852943 a prime number?
False
Is 55305377 prime?
False
Is 596009 prime?
True
Is 360947 composite?
False
Is 1940669 prime?
False
Is 534115 prime?
False
Is 393017 a composite number?
False
Is 5424501 prime?
False
Is 98902649 a prime number?
True
Is 356499007 a composite number?
False
Is 115069373 prime?
False
Is 1785143 a prime number?
True
Is 821530805 composite?
True
Is 203100491 a composite number?
True
Is 6490879 a prime number?
True
Is 165511847 prime?
False
Is 20158757 prime?
False
Is 184706794 a prime number?
False
Is 34552613 a composite number?
False
Is 6465181 prime?
True
Is 25580221 prime?
True
Is 49993817 prime?
True
Is 7484089 a prime number?
True
Is 3382721 prime?
False
Is 114916983 composite?
True
Is 2549357 a prime number?
True
Is 545021 a composite number?
True
Is 13255469 prime?
True
Is 47334779 prime?
False
Is 52492211 a composite number?
False
Is 456478967 a composite number?
True
Is 30542637 a prime number?
False
Is 75887377 prime?
False
Is 11676326 composite?
True
Is 3511195 a composite number?
True
Is 108624461 composite?
True
Is 1118855949 a composite number?
True
Is 2464379 a composite number?
False
Is 10742009 prime?
False
Is 1446227 composite?
False
Is 55640573 a prime number?
False
Is 3423139 a prime number?
True
Is 83563223 a composite number?
True
Is 200346263 a composite number?
True
Is 167695439 a prime number?
False
Is 4476893 composite?
False
Is 11514169 composite?
False
Is 3020761 a prime number?
True
Is 38434133 a composite number?
False
Is 40070521 a composite number?
False
Is 735811 a composite number?
True
Is 18041951 prime?
True
Is 1389937 composite?
True
Is 20574583 prime?
True
Is 48300253 a prime number?
False
Is 10573649 composite?
False
Is 345041 a composite number?
False
Is 2714869 a composite number?
True
Is 32066341 composite?
False
Is 1406267 prime?
True
Is 19459411 composite?
False
Is 666493 a prime number?
True
Is 124856377 composite?
True
Is 10692491 prime?
False
Is 223667 composite?
False
Is 242381251 a composite number?
True
Is 282052313 a composite number?
False
Is 2996606 a composite number?
True
Is 13945687 prime?
False
Is 132111613 composite?
False
Is 198282709 composite?
False
Is 632029 a prime number?
True
Is 179727461 composite?
True
Is 420697 a prime number?
False
Is 158132621 a prime number?
False
Is 34124131 a composite number?
False
Is 3314867 prime?
False
Is 138918995 composite?
True
Is 83701 prime?
True
Is 2433943 a prime number?
False
Is 1630987 prime?
True
Is 3040777 a prime number?
True
Is 3928406 composite?
True
Is 431033 composite?
True
Is 519887 a prime number?
False
Is 4063613 a prime number?
False
Is 124427867 prime?
True
Is 21998813 composite?
True
Is 24013427 composite?
False
Is 36265997 a composite number?
False
Is 211188349 prime?
True
Is 4370911 a prime number?
True
Is 76576919 composite?
False
Is 214904461 composite?
False
Is 14039551 composite?
False
Is 315531617 a composite number?
True
Is 3639569 a composite number?
False
Is 19670951 a prime number?
False
Is 672989 a prime number?
False
Is 602377059 a composite number?
True
Is 28168373 a composite number?
False
Is 188722438 a composite number?
True
Is 1080899 composite?
False
Is 117493 composite?
True
Is 65859949 a prime number?
True
Is 107303 composite?
True
Is 38979859 prime?
True
Is 170123971 a composite number?
False
Is 5389855 a prime number?
False
Is 3819461 prime?
True
Is 650576629 a composite number?
False
Is 3354233 prime?
True
Is 2186063 a prime number?
False
Is 822853 prime?
True
Is 1007993399 composite?
True
Is 7491511 prime?
False
Is 39649469 a composite number?
True
Is 1657819 a prime number?
False
Is 112259083 prime?
False
Is 12257929 composite?
True
Is 913483 prime?
True
Is 163764863 a composite number?
False
Is 17638369 a composite number?
True
Is 872611 composite?
False
Is 64323067 prime?
True
Is 53203511 prime?
True
Is 204247 a composite number?
True
Is 66443357 composite?
False
Is 811787 prime?
False
Is 6845673 a composite number?
True
Is 43801057 composite?
False
Is 13511011 prime?
True
Is 16203727 prime?
False
Is 767756149 a composite number?
True
Is 23678701 prime?
True
Is 4298651 prime?
False
Is 3833111 a prime number?
False
Is 80624303 composite?
False
Is 554521 prime?
False
Is 242155577 composite?
True
Is 9700201 a prime number?
False
Is 519573253 a composite number?
False
Is 277130807 a prime number?
False
Is 789471769 composite?
True
Is 192564887 composite?
False
Is 82248799 composite?
False
Is 6057787 prime?
True
Is 133329941 a prime number?
True
Is 3718873 a composite number?
True
Is 7543531 prime?
True
Is 33603637 composite?
True
Is 32236213 a prime number?
False
Is 15832393 a prime number?
False
Is 102622261 prime?
False
Is 18119 a composite number?
False
Is 333824746 a composite number?
True
Is 2274361 composite?
False
Is 191523289 prime?
True
Is 174856651 prime?
True
Is 94060631 a prime number?
False
Is 391934 a composite number?
True
Is 182203981 composite?
False
Is 38184961 a prime number?
True
Is 17054183 a composite number?
False
Is 29980373 a composite number?
False
Is 31033817 a composite number?
False
Is 17434727 a prime number?
True
Is 161173063 composite?
False
Is 5637689 a composite number?
False
Is 16264681 a prime number?
False
Is 1313141 a prime number?
True
Is 87193231 a prime number?
False
Is 63634093 prime?
True
Is 236701709 composite?
True
Is 56898469 a composite number?
True
Is 22607527 prime?
True
Is 1962001 composite?
False
Is 3956545 prime?
False
Is 130091 a composite number?
True
Is 100649 a composite number?
False
Is 1217561 composite?
False
Is 570191 a prime number?
True
Is 488939 prime?
False
Is 288319 a prime number?
False
Is 21374779 a prime number?
False
Is 629791 a prime number?
False
Is 6061123 prime?
True
Is 861001 a prime number?
True
Is 2742371 composite?
False
Is 41710783 a prime number?
False
Is 42607121 composite?
False
Is 276527671 composite?
True
Is 4383713 composite?
False
Is 76590397 prime?
False
Is 637229 prime?
True
Is 238253 prime?
False
Is 2185007 composite?
True
Is 402932111 prime?
False
Is 12119779 prime?
False
Is 3925357 a composite number?
False
Is 59950633 prime?
True
Is 1442863 a prime number?
True
Is 16856261 composite?
False
Is 4232887 composite?
False
Is 1147127 a composite number?
False
Is 104171233 prime?
True
Is 5289101 composite?
False
Is 1075561 a composite number?
False
Is 183871 composite?
False
Is 2588045 a prime number?
False
Is 5596631 composite?
True
Is 115029943 composite?
True
Is 32919987 prime?
False
Is 75643829 a prime number?
False
Is 80874361 prime?
True
Is 2359891 a composite number?
False
Is 2403077 prime?
True
Is 1033033 prime?
True
Is 589963 a composite number?
True
Is 3774055 a composite number?
True
Is 41657779 a prime number?
True
Is 39595117 composite?
True
Is 46453357 a prime number?
False
Is 9193081 composite?
True
Is 164132407 a prime number?
False
Is 1255500119 a composite number?
T